ite number?
False
Is 447282367 prime?
False
Is 62457419 composite?
False
Is 62759509 a composite number?
True
Is 3640793 a prime number?
False
Is 498749263 a prime number?
False
Is 9525785 prime?
False
Is 19161541 prime?
False
Is 4882961 a composite number?
True
Is 20319721 a composite number?
True
Is 1127149 a prime number?
True
Is 14865646 a composite number?
True
Is 16242227 a composite number?
False
Is 8235767 composite?
True
Is 3328373 composite?
False
Is 23160077 composite?
False
Is 173193641 a composite number?
True
Is 175279378 composite?
True
Is 793326563 a composite number?
False
Is 183463 prime?
False
Is 2567833 composite?
True
Is 95514743 prime?
False
Is 42155201 a composite number?
True
Is 168386249 composite?
False
Is 399997349 a composite number?
False
Is 386985299 prime?
False
Is 8151329 a prime number?
True
Is 11054509 prime?
False
Is 5319481 composite?
False
Is 14674931 a prime number?
True
Is 7309351 a composite number?
True
Is 14646991 a composite number?
False
Is 150129709 a composite number?
False
Is 3284647 composite?
False
Is 4745711 a prime number?
False
Is 462761773 prime?
True
Is 178160753 a composite number?
False
Is 7458205 a prime number?
False
Is 2129987 prime?
False
Is 5863751 prime?
True
Is 122959687 composite?
True
Is 1884233 a prime number?
False
Is 7970639 a prime number?
False
Is 1353117 composite?
True
Is 131174963 a composite number?
False
Is 454183 prime?
True
Is 339121 a composite number?
False
Is 3469943 a composite number?
False
Is 2595409 composite?
True
Is 21529373 prime?
False
Is 71673463 a prime number?
True
Is 29174401 prime?
True
Is 319220002 composite?
True
Is 1926998027 composite?
False
Is 7099691 a prime number?
True
Is 1787921 composite?
True
Is 49530491 a prime number?
True
Is 1665539 a composite number?
True
Is 221764301 a prime number?
False
Is 218689 prime?
False
Is 7674971 a composite number?
False
Is 46213763 a prime number?
True
Is 616145 a prime number?
False
Is 858166507 composite?
True
Is 52979435 composite?
True
Is 299650847 a composite number?
True
Is 249531 prime?
False
Is 21001733 prime?
False
Is 5335457 prime?
False
Is 17754839 composite?
False
Is 24913111 a prime number?
True
Is 863339621 a prime number?
False
Is 32239121 a composite number?
True
Is 7114762 prime?
False
Is 65364431 composite?
True
Is 14522507 a composite number?
False
Is 48597437 a prime number?
False
Is 623923 prime?
True
Is 577469423 a composite number?
False
Is 3078997 a prime number?
True
Is 141246043 prime?
False
Is 8129219 a prime number?
False
Is 745273 prime?
True
Is 626017 a prime number?
False
Is 328560317 prime?
True
Is 103371773 a composite number?
False
Is 89282373 a composite number?
True
Is 95867951 a prime number?
False
Is 18228241 prime?
True
Is 104146957 a composite number?
False
Is 10480733 a prime number?
False
Is 96201821 prime?
True
Is 61380271 a prime number?
True
Is 5834497 prime?
True
Is 11822773 prime?
True
Is 285333031 prime?
False
Is 293439 a composite number?
True
Is 251204969 a prime number?
True
Is 35384267 composite?
False
Is 2060381 composite?
True
Is 209869 prime?
False
Is 2308857 prime?
False
Is 5268941 a prime number?
False
Is 1140767 composite?
True
Is 3123833 prime?
True
Is 102713594 a composite number?
True
Is 8988943 composite?
False
Is 12526493 a prime number?
False
Is 19770349 a prime number?
True
Is 27270161 composite?
False
Is 1060805 prime?
False
Is 364950241 a prime number?
False
Is 21634909 composite?
False
Is 1800823 a composite number?
False
Is 42393137 prime?
False
Is 208739101 composite?
False
Is 31763 composite?
True
Is 56311109 composite?
False
Is 14287171 prime?
False
Is 10815547 composite?
True
Is 273029881 prime?
False
Is 47837183 prime?
False
Is 516666809 composite?
True
Is 15627397 composite?
False
Is 4008947 prime?
True
Is 5615579 composite?
False
Is 73941259 prime?
False
Is 10549631 prime?
False
Is 295291 composite?
False
Is 9470731 a prime number?
True
Is 8352221 prime?
True
Is 3605619 prime?
False
Is 21194131 a prime number?
False
Is 23022203 prime?
True
Is 13501342 composite?
True
Is 73877273 a prime number?
False
Is 11269329 composite?
True
Is 7435801 a composite number?
True
Is 10910023 composite?
True
Is 81409187 a composite number?
False
Is 3372521 a prime number?
False
Is 167231069 composite?
True
Is 31849274 a prime number?
False
Is 146521783 a composite number?
False
Is 6022921 a prime number?
True
Is 293977 prime?
False
Is 24010823 a composite number?
False
Is 110608787 a prime number?
True
Is 3339727 a composite number?
True
Is 15344033 a prime number?
True
Is 929843 composite?
False
Is 296319 a prime number?
False
Is 118666519 a composite number?
True
Is 107842717 a composite number?
False
Is 16827721 a prime number?
True
Is 3512617 composite?
True
Is 340016947 composite?
False
Is 11105299 composite?
False
Is 1746907 a prime number?
True
Is 18898379 prime?
False
Is 70871 a composite number?
True
Is 91186049 a prime number?
False
Is 1305011 composite?
False
Is 58808494 a composite number?
True
Is 114125617 prime?
False
Is 28040407 a prime number?
True
Is 658675211 composite?
True
Is 35528979 a composite number?
True
Is 5357267 a composite number?
True
Is 5653381 prime?
True
Is 668903 composite?
False
Is 8152409 composite?
False
Is 237290687 a prime number?
True
Is 9559322 a composite number?
True
Is 165923 composite?
True
Is 197656061 composite?
False
Is 6309343 a composite number?
False
Is 5793523 a composite number?
False
Is 53052911 prime?
True
Is 116441981 prime?
True
Is 398771 composite?
False
Is 136367747 composite?
False
Is 126769783 a composite number?
True
Is 17832145 prime?
False
Is 49246903 prime?
True
Is 2738306 a prime number?
False
Is 3113357 composite?
True
Is 3088261 composite?
True
Is 40634701 composite?
True
Is 509281 composite?
False
Is 329541747 a prime number?
False
Is 42620213 composite?
False
Is 22197587 a composite number?
False
Is 36236141 composite?
False
Is 1917253 composite?
True
Is 51823943 composite?
True
Is 161453246 composite?
True
Is 5302721 a prime number?
True
Is 1652374223 a prime number?
True
Is 487371 a composite number?
True
Is 129841 composite?
False
Is 37513033 a prime number?
False
Is 906803 composite?
True
Is 1576229 composite?
False
Is 26742901 prime?
False
Is 30539 composite?
False
Is 43383749 a prime number?
False
Is 11551273 a prime number?
True
Is 183304409 a prime number?
False
Is 108110267 a prime number?
True
Is 5714851 a composite number?
False
Is 2920373 prime?
False
Is 165701 composite?
False
Is 498269 prime?
False
Is 6964211 prime?
True
Is 6710897 composite?
False
Is 2896073 a composite number?
False
Is 33183343 prime?
False
Is 382741 a composite number?
True
Is 35838833 a composite number?
True
Is 12854078 a prime number?
False
Is 54380071 composite?
True
Is 7313159 composite?
True
Is 1549081 composite?
False
Is 2757399841 prime?
False
Is 451289029 a composite number?
True
Is 2239519 composite?
False
Is 7605131 a composite number?
True
Is 835411507 composite?
True
Is 3812813 a prime number?
False
Is 1959031 composite?
False
Is 543851999 prime?
True
Is 50015563 a composite number?
True
Is 1735963 a prime number?
False
Is 781557661 prime?
True
Is 408743 a composite number?
False
Is 347036753 a prime number?
False
Is 1337351 a composite number?
False
Is 9295483 composite?
False
Is 51436687 prime?
True
Is 57427303 composite?
True
Is 110754841 prime?
True
Is 70533251 a composite number?
False
Is 3189253 composite?
False
Is 19320737 a composite number?
False
Is 515995871 a prime number?
True
Is 36281607 a composite number?
True
Is 2100611 composite?
True
Is 4125031 prime?
False
Is 18085237 prime?
True
Is 4809319 a prime number?
True
Is 18318857 prime?
True
Is 627543497 prime?
False
Is 63200891 prime?
False
Is 4301837 composite?
False
Is 1985449 a composite number?
True
Is 3752995 a composite number?
True
Is 609796331 a prime number?
True
Is 2073317 composite?
False
Is 23188849 composite?
False
Is 147334562 a prime number?
False
Is 20571347 a composite number?
False
Is 761417 prime?
True
Is 163877419 a composite number?
True
Is 161920705 prime?
False
Is 27929443 composite?
True
Is 79058073 a composite number?
True
Is 45313019 composite?
False
Is 7753685 prime?
False
Is 4301673 a compos